or of 1321991 and 11?
11
What is the highest common divisor of 71160 and 720?
120
Calculate the highest common divisor of 2650 and 7.
1
Calculate the greatest common factor of 188 and 42958.
94
Calculate the greatest common factor of 1040173 and 597.
199
Calculate the greatest common divisor of 1245 and 1992.
249
Calculate the highest common factor of 9516 and 117.
39
What is the greatest common factor of 45 and 247725?
45
Calculate the highest common factor of 1767275 and 200.
25
Calculate the highest common divisor of 585 and 15459.
3
What is the highest common factor of 4783542 and 214?
214
Calculate the greatest common divisor of 2404 and 784.
4
What is the greatest common divisor of 4898 and 1674?
62
What is the greatest common divisor of 176600 and 400?
200
What is the highest common divisor of 221868 and 36?
36
Calculate the highest common divisor of 519849 and 11.
11
Calculate the highest common factor of 209445 and 15.
15
Calculate the greatest common factor of 953744 and 1408.
176
What is the highest common factor of 18 and 4446?
18
What is the greatest common factor of 171 and 3800?
19
Calculate the greatest common factor of 34 and 2000441.
17
Calculate the highest common factor of 192 and 65024.
64
Calculate the highest common divisor of 356 and 7232.
4
Calculate the highest common factor of 266567 and 63.
7
What is the highest common factor of 6792395 and 10?
5
Calculate the highest common factor of 8376 and 7536.
24
Calculate the greatest common factor of 98960 and 70.
10
Calculate the highest common factor of 28 and 7924.
28
Calculate the greatest common divisor of 6880 and 2144.
32
What is the highest common divisor of 24462 and 63?
9
What is the highest common divisor of 5557324 and 388?
388
Calculate the greatest common factor of 643034 and 966.
322
What is the greatest common factor of 35 and 234605?
35
Calculate the highest common factor of 46362 and 570.
6
What is the greatest common factor of 5 and 4946355?
5
What is the greatest common divisor of 248556 and 308?
308
Calculate the greatest common factor of 723 and 16147.
241
Calculate the greatest common factor of 1364 and 5084.
124
What is the greatest common factor of 3825 and 1515?
15
What is the highest common factor of 5656 and 8260?
28
Calculate the greatest common factor of 34101 and 1.
1
What is the highest common factor of 330 and 1229349?
33
What is the greatest common factor of 434 and 210614?
62
What is the greatest common factor of 167675 and 6175?
475
Calculate the greatest common divisor of 1099387 and 1732.
433
What is the highest common factor of 816 and 5364?
12
Calculate the greatest common factor of 1 and 73454.
1
Calculate the greatest common factor of 17847 and 108.
27
What is the highest common divisor of 1892 and 5332?
172
Calculate the highest common divisor of 120030 and 2280.
30
What is the greatest common factor of 177345 and 2835?
315
Calculate the highest common factor of 4816 and 175.
7
Calculate the highest common factor of 156 and 1690476.
12
Calculate the highest common factor of 281425 and 75.
25
What is the greatest common divisor of 104424 and 24?
24
Calculate the highest common divisor of 259 and 183224.
37
Calculate the highest common divisor of 2822 and 17374.
34
Calculate the highest common factor of 574 and 55186.
82
What is the greatest common divisor of 14555 and 24495?
355
What is the highest common factor of 697 and 450806?
17
What is the greatest common divisor of 63866 and 88?
22
Calculate the greatest common divisor of 47970 and 1365.
195
What is the greatest common divisor of 26568 and 52?
4
What is the greatest common factor of 21 and 1662?
3
What is the highest common divisor of 36 and 3604?
4
Calculate the greatest common factor of 3496 and 3726.
46
What is the highest common factor of 14 and 14862526?
14
What is the greatest common divisor of 238 and 2188718?
14
Calculate the greatest common divisor of 282 and 2796923.
47
What is the highest common divisor of 42575 and 38645?
655
What is the highest common divisor of 9538 and 38?
38
What is the highest common divisor of 3850 and 210?
70
Calculate the highest common factor of 10120 and 96646.
506
Calculate the greatest common factor of 190 and 118560.
190
What is the highest common divisor of 64314 and 81?
81
What is the greatest common factor of 1313163 and 59?
59
Calculate the greatest common factor of 11888 and 16.
16
Calculate the greatest common factor of 198 and 295560.
18
Calculate the highest common divisor of 1316 and 4228.
28
Calculate the greatest common divisor of 14311 and 33.
11
What is the highest common divisor of 278 and 1586129?
139
What is the highest common factor of 17 and 21029?
17
What is the highest common factor of 422 and 17521862?
422
What is the highest common divisor of 442921 and 959?
137
What is the highest common divisor of 3 and 15189?
3
What is the highest common divisor of 4572 and 180?
36
Calculate the greatest common factor of 10372 and 8.
4
Calculate the greatest common divisor of 366788 and 47.
47
Calculate the highest common factor of 200 and 19450.
50
Calculate the highest common factor of 110 and 413600.
110
Calculate the greatest common factor of 368890 and 370.
370
What is the highest common divisor of 702588 and 36?
12
Calculate the greatest common divisor of 6128 and 715444.
1532
Calculate the highest common factor of 350658 and 20769.
483
Calculate the greatest common divisor of 85000 and 8.
8
What is the greatest common factor of 6606720 and 40?
40
What is the highest common divisor of 27 and 18729?
9
Calculate the highest common divisor of 1123 and 7913781.
1123
What is the highest common divisor of 11 and 9?
1
What is the greatest common divisor of 1365 and 13299?
39
Calculate the greatest common factor of 2682275 and 775.
775
What is the highest common factor of 5157 and 81?
27
What is the highest common divisor of 25 and 69675?
25
What is the highest common divisor of 235683 and 378?
189
Calculate the highest common divisor of 14 and 17430.
14
Calculate the highest common factor of 1314 and 19989.
9
What is the greatest common factor of 110558 and 98?
14
What is the greatest common divisor of 128 and 740?
4
What is the greatest common divisor of 36949 and 2717?
11
What is the greatest common divisor of 828510 and 90?
30
Calculate the highest common factor of 18456 and 48.
24
Calculate the greatest common divisor of 783 and 1269.
27
Calculate the greatest common divisor of 95 and 65873.
19
Calculate the greatest common factor of 1728 and 1889676.
108
Calculate the greatest common factor of 373910 and 3766.
538
What is the greatest common factor of 11 and 163427?
11
Calculate the greatest common divisor of 663 and 7397.
13
What is the highest common factor of 106 and 1294?
2
Calculate the highest common factor of 462 and 276892.
154
Calculate the greatest common factor of 79 and 359766.
79
Calculate the greatest common divisor of 4 and 159506.
2
What is the highest common divisor of 228 and 817428?
12
Calculate the highest common divisor of 2292059 and 55.
11
What is the greatest common divisor of 4949 and 1313?
101
What is the greatest common factor of 2847 and 179049?
39
Calculate the highest common divisor of 48308 and 572.
52
What is the greatest common divisor of 162886 and 23?
23
Calculate the highest common factor of 165 and 1035210.
165
Calculate the greatest common divisor of 374262 and 1470.
294
What is the greatest common divisor of 6 and 555134?
2
What is the highest common factor of 2395067 and 1293?
431
What is the highest common factor of 84 and 72429?
21
Calculate the greatest common factor of 688 and 12280.
8
What is the greatest common divisor of 170 and 4678910?
170
What is the highest common divisor of 2759 and 4557?
31
What is the greatest common divisor of 7165 and 275?
5
Calculate the highest common divisor of 2290 and 490.
10
What is the greatest common factor of 31836 and 560?
28
Calculate the highest common divisor of 302 and 60249.
151
What is the greatest common divisor of 29016 and 6786?
234
What is the greatest common divisor of 1688 and 1352?
8
What is the greatest common factor of 959 and 27447?
7
Calculate the greatest common factor of 327765 and 30.
15
Calculate the highest common d